nits digit of b?
1
Suppose 34*x - 674 + 776 = 0. Let q(m) be the third derivative of m**5/12 - m**4/8 - m**3/6 - m**2. What is the units digit of q(x)?
3
Let a(d) = -d**3 + 9*d**2 + 23*d - 6. Let y be a(11). Suppose y*j - 653 - 1397 = 0. What is the units digit of j?
0
What is the hundreds digit of (-30)/85 - 32600034/(-629)?
8
Let o(w) = w + 7. Suppose 3*b + 2 + 11 = -5*v, b - 7 = 4*v. Let m be o(v). Suppose -m*q + 8*q - 66 = 0. What is the units digit of q?
2
Let w(p) = 14*p**2 - 7*p - 93. What is the thousands digit of w(11)?
1
Let s(f) = -8*f - 6. Let q be s(-2). Suppose 0 = -q*g + 18*g - 232. What is the units digit of g?
9
Let u = -583 - -549. What is the units digit of 2/12 - 3246/72*u?
3
Let y(b) = -445*b + 718. What is the hundreds digit of y(-4)?
4
Let q = 1365 - -118. Suppose 2*s - q = -3*s - 2*r, -4*s + 1184 = 4*r. Let m = s - 196. What is the hundreds digit of m?
1
Let h = -7518 + 15974. What is the hundreds digit of h?
4
Suppose 10*f - 18772 = 11498. Let u = f - 1891. What is the hundreds digit of u?
1
Let v be ((-18)/3)/((-4)/3062). Suppose v = 14*f - 11199. What is the thousands digit of f?
1
Let b(j) be the third derivative of -j**5/60 + 35*j**4/24 + 29*j**3/3 - 7*j**2 - 1. What is the units digit of b(35)?
8
Let n be -2*(-4*(-4)/32)/(-1). Let h be 1*1/(1 + n/(-2)). What is the units digit of 232/8 + h/1?
1
Suppose 7*o - 9*o + 7902 + 43470 = 0. What is the hundreds digit of o?
6
Suppose -19*d + 3360 = -15*d. Let c = d + -162. What is the hundreds digit of c?
6
Suppose h = 2*s + 3*h - 20, 4*h = -5*s + 51. What is the tens digit of 2/s + ((-4858)/(-11))/2?
2
What is the ten thousands digit of 12757 - (-13 + (6 - 5))?
1
Let p(x) = x**3. Let s be p(0). What is the tens digit of (5678/(-68))/(s - (-2)/(-4))?
6
Let q be 0*(-3)/6 + 13. Suppose -4*h - 3*z = -3*h + 3, 0 = 4*h + 3*z - 24. Suppose q*l - h*l = 676. What is the tens digit of l?
6
Suppose -p - 3*j = 2*j - 877, -j = -5*p + 4255. Suppose -2252 = -8*l + p. What is the tens digit of l?
8
Suppose -10*x - 16*x + 58734 = 0. What is the units digit of x?
9
Let v = -194 - -198. What is the tens digit of (25/v)/((-19)/(-532))?
7
Let l(m) = -217*m**3 - m**2 + 198*m + 994. What is the hundreds digit of l(-5)?
1
Suppose 133*n = 1255703 + 533945. What is the hundreds digit of n?
4
Let i = 81 - 76. Suppose -5*f + i*r + 0*r + 105 = 0, -5*r + 10 = 0. Suppose s + 6 = f. What is the units digit of s?
7
Let s(z) = 22*z + 15. Let j(t) = -15*t - 10. Let i(b) = -8*j(b) - 5*s(b). Let h be i(-9). Let k = 5 - h. What is the tens digit of k?
9
Suppose 54*q - 320 = 14*q. Suppose q*t + 3*z = 3*t + 3023, -2*t = 5*z - 1213. What is the hundreds digit of t?
6
Suppose 354 = 8*k - 1582. Suppose 4*c = 5*u - 94 - k, -4*u + 2*c = -270. What is the units digit of u?
8
Suppose -3*c = 6, -70*r - 7984 = -72*r + 4*c. What is the units digit of r?
8
Let l be 16/6*3/2. Suppose -l*g + 159 = v - 287, -3*g = -v - 338. Let h = 184 - g. What is the tens digit of h?
7
Suppose -2*m + 78273 = 5*z, -134*m - 62600 = -4*z - 131*m. What is the thousands digit of z?
5
Let x(o) = -3*o - 11. Let u(y) = -1. Let j(a) = -3*u(a) - x(a). Let h be j(-4). Suppose -3*z + 252 = 2*f, -z = -h*f + z + 232. What is the hundreds digit of f?
1
Let y be (-45)/(-9) + (7824 - 0). Suppose -17*q + 4122 + y = 0. What is the hundreds digit of q?
7
Let g be ((-4)/10)/(5/1100). Let c = 221 + g. What is the hundreds digit of c?
1
Suppose 0 = 8*c - 30 - 18. Let t be (4/(-3) + 2)/((-2)/c). What is the tens digit of (2/(-3))/(t/111)?
3
Suppose -230*h + 598543 + 157257 = -301510. What is the tens digit of h?
9
Suppose u = 3*x - 1026, 3*u - x = -2760 - 334. Let c = u - -1730. What is the tens digit of c?
9
Let c = 16478 + -4396. What is the tens digit of c?
8
Let k(u) = 3*u - 17. Let r = 33 - 15. Suppose -n = -r + 8. What is the units digit of k(n)?
3
Let r = 34 - 25. Let d(k) = k**3 - 9*k**2 + 2. Let l be d(r). What is the units digit of 4 - (-5 - (0 - l))?
7
Suppose 0 = 3*c - 2*v - 19, 2*c - 4*v + 8 = 26. Suppose 2*g = -c*r + g + 259, -206 = -4*r - 2*g. Let h = 110 - r. What is the units digit of h?
8
Suppose 0 = -5*n, 5*u = 10*u + 4*n - 32375. What is the thousands digit of u?
6
Let y(d) = d. Let m be y(0). Let x be (m + (-174)/3)*1. Let k = x - -129. What is the tens digit of k?
7
What is the tens digit of (1035/46)/(-5 + -1)*1000/(-6)?
2
Suppose -i + 2*b + 14 = -19, -2*b - 107 = -3*i. Suppose 31*f + 5772 = i*f. What is the units digit of f?
2
What is the tens digit of 6101 - (140/(-25) - (-10)/(-25))?
0
Let z be 33/(-21) + 33/(-77). What is the units digit of 5404/70*(z - -1 - -6)?
6
Let x = 1079 + -796. What is the hundreds digit of x?
2
Let f = 263 + -2. Suppose -f = 128*u - 129*u. What is the tens digit of u?
6
Let t be ((-2)/(-6) - 48/(-18)) + -1. Suppose -4 = -p - 2*n, t*n - 7 - 1 = -3*p. What is the units digit of (260 + 2)*(p/4 + 0)?
1
Let q(n) = n**2 + 5*n - 5. Let a be q(-5). Let k be (-4 - 20/a)/(-4). Suppose 0 = -4*x - 20, 2*w - w + 5*x - 66 = k. What is the tens digit of w?
9
Let w be 170/(-51)*(-18)/10. Suppose w*c - 28*c = -8932. What is the hundreds digit of c?
4
Let r(n) = 2*n - 28. Let g be r(12). Let p be g - 164/(-28) - (-2)/14. Suppose p*z - z = -2*y + 24, -5*z + 5*y + 45 = 0. What is the tens digit of z?
1
Let g(v) = -41*v**3 - 18*v**2 - 25*v - 2. What is the hundreds digit of g(-11)?
6
Suppose 3*q - 4*i = -2*i - 2190, -q - 2*i - 730 = 0. Let x = -412 - q. What is the hundreds digit of x?
3
Let x = 12681 - 5966. What is the tens digit of x?
1
Let z(a) = 2*a**2 - 20*a - 2. Let v be z(10). Let k be 156 - 0/(v + -2). Suppose 0 = -2*q + 7*q + 4*f - 255, -k = -3*q - 3*f. What is the units digit of q?
7
Let r be 52/(-10)*(-269430)/84. Suppose 418 = -23*u + r. What is the hundreds digit of u?
7
Suppose -2*s + 51 = -3*u, 5*s - 2*u = 71 + 51. Suppose 0 = 3*v + 2*v - f - 701, v - f = 141. What is the tens digit of (5*s/100)/(3/v)?
5
Suppose 0 = 5*j + n - 31250, 3*j - 18788 = -14*n + 21*n. What is the units digit of j?
1
Suppose 442*y = 13685366 - 2285302. What is the hundreds digit of y?
7
Let q(o) be the first derivative of 11*o**2/2 + 42*o - 19. Let c be q(14). Suppose -16 + c = 2*a. What is the tens digit of a?
9
Suppose 19*f = 15*f + 1088. Let z = f + -252. What is the units digit of z?
0
Let j(r) be the third derivative of -r**4/4 - 19*r**3/6 + 17*r**2. Let q be j(-5). Suppose -1273 = -q*t + 267. What is the units digit of t?
0
Let a(f) = -f**3 + 6*f**2 - 4*f - 3. Let x be a(5). Let y be (x + 9/(-3))*62. Let j = -33 - y. What is the units digit of j?
9
Let y(z) = 485*z**3 + 35*z**2 + 6*z + 18. What is the thousands digit of y(5)?
1
Let j(l) = 75*l + 5562. What is the hundreds digit of j(0)?
5
Suppose -22*m + 281 + 1105 = 0. What is the hundreds digit of (m/42)/(6/(-4)) + 889?
8
Suppose 24982 + 2126 = 9*c - 2268. What is the tens digit of c?
6
Let m = 47 + -47. Suppose m = 5*c - u - u - 23, 9 = 2*c - u. Suppose c - 41 = -3*a - 3*s, 4*a - 2*s = 24. What is the units digit of a?
8
Let g be (98190/9 - -6) + 1. What is the hundreds digit of (-1 - 5) + 3/(27/g)?
2
Let o = -4985 - -7517. What is the thousands digit of o?
2
Suppose 0 = -3*s + 2*n + 85408, 4*s + 3*n = s + 85413. What is the tens digit of s?
7
Let g(h) = -14*h**3 - h**2 + 3*h - 1. Let v(r) = r**3 + 9*r**2 + 13*r - 4. Let y be v(-7). Suppose y = -3*u - 3. What is the hundreds digit of g(u)?
1
Let u = -83450 + 117724. What is the thousands digit of u?
4
Let g(q) = -q**3 + 65*q**2 - 176*q + 243. What is the units digit of g(53)?
3
Let j(c) = -c**3 + 6*c**2 + 8*c + 2. Let b be j(7). Suppose -6*v = -3*v - b. Suppose 0*r + n - 74 = -2*r, -v*r - 2*n = -110. What is the units digit of r?
8
Suppose -7*n + 28 = -3*n. Suppose -n*b + 12*b - 90 = 0. Suppose -14*t = -b*t + 328. What is the units digit of t?
2
Let d be 8/(-12)*18 + 5 + 0. Let s(t) = -47*t + 33. What is the units digit of s(d)?
2
Let u be (14 + 1)/((-3)/28). Let p(n) = -n**3 - n**2 - 35*n + 65. Let b be p(5). Let a = u - b. What is the units digit of a?
0
What is the hundreds digit of (-29)/((-58)/3580) - -19?
8
Let c(r) = 153*r - 303. What is the tens digit of c(9)?
7
What is the thousands digit of 16/((-2304)/248856)*-18?
1
Suppose -2*s + 75 = -5*s. Let y = 161 + -139. Let h = y - s. What is the units digit of h?
7
Let k(y) =